s 11599 a multiple of 83?
False
Is 5068 a multiple of 181?
True
Is 3 a factor of 226?
False
Is 81 a factor of 33182?
False
Is 7362 a multiple of 4?
False
Is 40 a factor of 12478?
False
Is 39217 a multiple of 23?
False
Is 1056 a multiple of 32?
True
Is 1995 even?
False
Does 6 divide 1398?
True
Does 14 divide 280?
True
Is 20 a factor of 1080?
True
Is 4 a factor of 15200?
True
Is 559 a multiple of 22?
False
Does 31 divide 5228?
False
Is 9 a factor of 7641?
True
Does 10 divide 10270?
True
Does 15 divide 1008?
False
Does 3 divide 30?
True
Is 538 a multiple of 13?
False
Is 6 a factor of 106?
False
Is 2754 a multiple of 27?
True
Does 56 divide 1176?
True
Does 157 divide 46943?
True
Is 3369 a multiple of 6?
False
Is 114 a factor of 33060?
True
Is 43271 a multiple of 59?
False
Does 15 divide 257?
False
Is 12 a factor of 408?
True
Is 7 a factor of 16489?
False
Is 144 a factor of 34456?
False
Is 19712 a multiple of 16?
True
Does 17 divide 3281?
True
Is 21 a factor of 2321?
False
Is 33 a factor of 990?
True
Does 49 divide 1571?
False
Is 88 a factor of 68288?
True
Is 47 a factor of 3147?
False
Does 8 divide 16210?
False
Is 64 a factor of 2836?
False
Does 35 divide 14210?
True
Does 26 divide 34?
False
Does 27 divide 784?
False
Is 924 a multiple of 14?
True
Is 4 a factor of 112?
True
Is 9540 a multiple of 36?
True
Is 6 a factor of 16493?
False
Is 61 a factor of 4153?
False
Does 152 divide 9348?
False
Does 5 divide 535?
True
Is 25 a factor of 1231?
False
Is 6 a factor of 253?
False
Is 749 a multiple of 33?
False
Is 2240 a multiple of 70?
True
Is 28 a factor of 29455?
False
Is 23 a factor of 6394?
True
Does 2 divide 80?
True
Is 29 a factor of 969?
False
Does 223 divide 6021?
True
Does 9 divide 3798?
True
Is 26 a factor of 103220?
True
Does 23 divide 232?
False
Is 50 a factor of 10500?
True
Does 13 divide 231?
False
Is 8 a factor of 704?
True
Is 2951 a multiple of 14?
False
Is 242 a multiple of 22?
True
Does 9 divide 734?
False
Does 10 divide 14320?
True
Is 3832 a multiple of 2?
True
Does 21 divide 92?
False
Does 89 divide 623?
True
Is 15 a factor of 4975?
False
Is 10 a factor of 31450?
True
Is 26082 a multiple of 64?
False
Is 29 a factor of 522?
True
Does 63 divide 338?
False
Does 48 divide 3434?
False
Is 59 a factor of 23777?
True
Is 25276 a multiple of 71?
True
Does 36 divide 92556?
True
Does 63 divide 4424?
False
Is 7315 a multiple of 10?
False
Does 12 divide 21893?
False
Is 30682 a multiple of 5?
False
Is 3 a factor of 1564?
False
Is 475 a multiple of 5?
True
Is 2450 a multiple of 25?
True
Is 682 a multiple of 12?
False
Is 5 a factor of 100?
True
Is 308 a multiple of 62?
False
Is 20 a factor of 5400?
True
Does 54 divide 2725?
False
Does 115 divide 6928?
False
Is 18 a factor of 3611?
False
Is 76 a factor of 6205?
False
Does 23 divide 535?
False
Is 11 a factor of 179?
False
Is 138509 a multiple of 329?
True
Is 41374 a multiple of 151?
True
Is 1264 a multiple of 27?
False
Is 1316 a multiple of 7?
True
Is 48964 a multiple of 43?
False
Does 4 divide 868?
True
Is 3219 a multiple of 87?
True
Is 2068 a multiple of 18?
False
Does 4 divide 868?
True
Is 611 a multiple of 13?
True
Is 369 a multiple of 9?
True
Is 10 a factor of 150?
True
Does 30 divide 231?
False
Is 51 a factor of 8823?
True
Is 915 a multiple of 66?
False
Is 14 a factor of 2688?
True
Does 26 divide 4128?
False
Is 16 a factor of 120035?
False
Does 37 divide 13668?
False
Does 45 divide 17505?
True
Is 154 a multiple of 11?
True
Is 8 a factor of 6720?
True
Is 18 a factor of 7542?
True
Is 56 a factor of 32424?
True
Does 33 divide 11088?
True
Is 20550 a multiple of 15?
True
Does 84 divide 6636?
True
Does 16 divide 13104?
True
Does 18 divide 990?
True
Is 20950 a multiple of 23?
False
Is 161 a factor of 15315?
False
Is 26 a factor of 2075?
False
Does 47 divide 48088?
False
Is 4418 a multiple of 6?
False
Is 100 a factor of 386?
False
Is 6 a factor of 70?
False
Is 15 a factor of 105?
True
Is 7 a factor of 1069?
False
Is 128 a factor of 2282?
False
Is 12 a factor of 396?
True
Does 59 divide 1335?
False
Is 1291 a multiple of 29?
False
Is 12672 a multiple of 3?
True
Does 10 divide 19640?
True
Does 7 divide 42?
True
Is 9535 a multiple of 85?
False
Is 4 a factor of 6155?
False
Is 16 a factor of 60538?
False
Is 5487 a multiple of 14?
False
Is 6 a factor of 4387?
False
Does 20 divide 320?
True
Is 4 a factor of 132?
True
Does 46 divide 1713?
False
Is 30292 a multiple of 37?
False
Is 90 a factor of 1828?
False
Is 4 a factor of 462?
False
Is 1347 a multiple of 18?
False
Does 197 divide 414?
False
Does 15 divide 24795?
True
Is 226 a multiple of 40?
False
Does 180 divide 6784?
False
Is 77 a factor of 12739?
False
Is 36 a factor of 360?
True
Is 184 a factor of 5057?
False
Is 30 a factor of 1902?
False
Is 147 a factor of 9849?
True
Does 9 divide 261?
True
Is 460 a multiple of 7?
False
Is 4 a factor of 5741?
False
Is 51 a factor of 969?
True
Does 7 divide 3381?
True
Is 3910 a multiple of 88?
False
Does 14 divide 38393?
False
Does 31 divide 26226?
True
Is 2996 a multiple of 14?
True
Is 13 a factor of 840?
False
Does 32 divide 3104?
True
Does 39 divide 726?
False
Is 5 a factor of 11228?
False
Is 38161 a multiple of 51?
False
Does 18 divide 3024?
True
Does 70 divide 3990?
True
Is 116 a factor of 21228?
True
Is 4 a factor of 37544?
True
Does 138 divide 8280?
True
Is 630 a multiple of 17?
False
Does 14 divide 8218?
True
Is 4512 a multiple of 32?
True
Is 9 a factor of 1042?
False
Does 310 divide 14931?
False
Is 10 a factor of 7941?
False
Is 10 a factor of 28790?
True
Is 2 a factor of 1073?
False
Is 1962 a multiple of 6?
True
Is 49 a factor of 6242?
False
Is 21 a factor of 2415?
True
Is 10 a factor of 45625?
False
Is 38 a factor of 32159?
False
Does 194 divide 35114?
True
Is 1098 a multiple of 61?
True
Is 1508 a multiple of 24?
False
Does 10 divide 480?
True
Is 7 a factor of 42?
True
Is 1302 a multiple of 14?
True
Is 60 a factor of 5437?
False
Is 39732 a multiple of 86?
True
Is 72 a factor of 1080?
True
Does 4 divide 3174?
False
Is 21 a factor of 2667?
True
Is 1211 a multiple of 26?
False
Is 13 a factor of 2923?
False
Is 385 a multiple of 77?
True
Is 5 a factor of 192?
False
Is 133 a factor of 204?
False
Is 19 a factor of 523?
False
Does 3 divide 1554?
True
Is 80 a factor of 149360?
True
Is 11 a factor of 16412?
True
Is 52 a factor of 2704?
True
Is 6784 a multiple of 9?
False
Is 8 a factor of 534?
False
Is 5149 a multiple of 25?
False
Does 62 divide 8925?
False
Is 649 a multiple of 59?
True
Is 65 a factor of 7025?
False
Does 21 divide 2457?
True
Is 15184 a multiple of 52?
True
Is 427 a multiple of 36?
False
Is 96 a factor of 35712?
True
Is 24904 a multiple of 88?
True
Does 22 divide 7473?
False
Is 238 even?
True
Is 9 a factor of 5507?
False
Is 18 a factor of 463?
False
Does 59 divide 184?
False
Is 9 a factor of 98?
False
Is 4480 a multiple of 28?
True
Does 14 divide 14854?
True
Does 19 divide 45769?
False
Is 1462 a multiple of 91?
False
Does 93 divide 558?
True
Does 4 divide 7604?
True
Is 33 a factor of 1254?
True
Is 15 a factor of 9675?
True
Is 2845 a multiple of 33?
False
Is 34 a factor of 23664?
True
Is 2325 a multiple of 20?
False
Does 11 divide 1452?
True
Is 409 a multiple of 10?
False
Is 17 a factor of 391?
True
Is 3994 a multiple of 98?
False
Is 2415 a multiple of 7?
True
Is 4 a factor of 52?
True
Does 25 divide 5426?
False
Is 395 a multiple of 24?
False
Is 11 a factor of 176?
True
Does 16 divide 107?
False
Does 2 divide 73?
False
Is 5545 a multiple of 89?
False
Is 5899 a multiple of 92?
False
Does 32 divide 2333?
False
Is 589 a multiple of 27?
False
Is 2759 a multiple of 31?
True
Does 62 divide 72624?
False
Does 3 divide 11?
False
Is 15 a factor of 25551?
False
Is 24937 a multiple of 103?
False
Is 103 a factor of 3430?
False
Is 785 a multiple of 49?
False
Is 67 a factor of 40958?
False
Does 33 divide 4758?
False
Is 16 a factor of 32303?
False
Does 72 divide 5184?
True
Does 6 divide 306?
True
Is 110 a factor of 990?
True
Is 2232 a multiple of 13?
False
Is 11074 a multiple of 5?
False
Does 17 divide 350?
False
Does 11 divide 12083?
False
Is 4 a factor of 18240?
True
Is 11 a factor of 809?
False
Does 378 divide 62091?
False
Is 3641 a multiple of 11?
True
Is 6 a factor of 319?
False
Is 529 a multiple of 7?
False
Is 32 a fact